01011010101 + -1?
-1011010000011001011010110
In base 6, what is 302312133 + 31?
302312204
In base 16, what is -10b3fa8 + 4?
-10b3fa4
In base 5, what is 0 - 21430330420?
-21430330420
In base 2, what is -100010 - -10000011111011100000?
10000011111010111110
In base 6, what is -4 - 1044045350?
-1044045354
In base 7, what is -60226264 - -60?
-60226204
In base 15, what is 2695 + -3057?
-8b2
In base 3, what is 202111210 - 110221121?
21120012
In base 4, what is -112103120 + 2031?
-112101023
In base 10, what is -199432 + 969?
-198463
In base 14, what is -2d70 - -4c?
-2d22
In base 7, what is -10 + -44115100?
-44115110
In base 13, what is 12147a6 - -1?
12147a7
In base 3, what is 11 + -2212022100212?
-2212022100201
In base 16, what is -a44 + -5963?
-63a7
In base 8, what is 1323221 - 101?
1323120
In base 3, what is 2 - -100222000100000?
100222000100002
In base 12, what is -30550b + 11?
-3054ba
In base 11, what is 1494 + -10266?
-9882
In base 2, what is -1101010 + 11111010001101000?
11111001111111110
In base 5, what is 1422402230 + 2?
1422402232
In base 6, what is -1 + 1015520412?
1015520411
In base 7, what is 2410406 - 160?
2410216
In base 15, what is -37 - 1752b94?
-1752bcb
In base 4, what is -21212320103220 + -3?
-21212320103223
In base 5, what is -3001 + -2240432?
-2243433
In base 8, what is 14672 - -623?
15515
In base 14, what is 4d9 + 45ba?
4ab5
In base 8, what is -310 - 163132?
-163442
In base 5, what is 31230333 + -142?
31230141
In base 10, what is -4 + 2063712?
2063708
In base 11, what is -3285654 - 212?
-3285866
In base 3, what is 1 + 2212210021001221?
2212210021001222
In base 16, what is 176 + -dfc?
-c86
In base 13, what is 26 + -161b3?
-1618a
In base 7, what is 20011 - 161301?
-141260
In base 6, what is -141 - -33131?
32550
In base 15, what is -ac922ad + -5?
-ac922b3
In base 4, what is 30302 + -22233?
2003
In base 12, what is -1ba377a - -6?
-1ba3774
In base 13, what is -221b9 + 283?
-21c36
In base 8, what is 13400111 - -20?
13400131
In base 6, what is -110 - -43411012?
43410502
In base 6, what is 305 + 10043?
10352
In base 13, what is -409 + -169b5?
-170c1
In base 10, what is 2395 + -81124?
-78729
In base 11, what is 5122a - 117?
51113
In base 3, what is -102 - 200221110210?
-200221111012
In base 12, what is -4536b60 + -5?
-4536b65
In base 4, what is -320 - 113113202?
-113120122
In base 16, what is -7adc - -2024?
-5ab8
In base 7, what is -46603634 - 46?
-46604013
In base 10, what is -5557274 + -16?
-5557290
In base 15, what is -278 + -74282?
-7450a
In base 3, what is -1100122021221 + -1021?
-1100122100012
In base 10, what is 783 + 40313?
41096
In base 10, what is -21614 + -5386?
-27000
In base 10, what is 55165 + -43?
55122
In base 8, what is -276752 - 277?
-277251
In base 13, what is -191 - 3146?
-3307
In base 5, what is 1101031142334 - 0?
1101031142334
In base 6, what is -1451 - -10352315?
10350424
In base 12, what is 83a - -504a?
5888
In base 16, what is -137e - 1b4e9?
-1c867
In base 15, what is -646 + -d61c?
-dc63
In base 11, what is -12 + 6a01a?
6a008
In base 11, what is 149 + 171993?
172031
In base 3, what is 211002212 - -2211222?
220221211
In base 15, what is dcc5202 - -4?
dcc5206
In base 14, what is -1a - -15308?
152cc
In base 14, what is 96cc474 + -5?
96cc46d
In base 8, what is 5510347 + -157?
5510170
In base 7, what is 2162432 - -5?
2162440
In base 5, what is 340243 + -121210?
214033
In base 3, what is -12 + -101100102002021?
-101100102002110
In base 3, what is 12 - -20211222120120022?
20211222120120111
In base 15, what is 16699b + -86?
166915
In base 15, what is -4cc909 - 4?
-4cc90d
In base 3, what is 20102102 - 202001101?
-111121222
In base 14, what is 56496d - 0?
56496d
In base 8, what is 205175774 - 5?
205175767
In base 4, what is 2121103 + -12303?
2102200
In base 16, what is -12adbf + -18?
-12add7
In base 6, what is 3001554 + 3?
3002001
In base 15, what is -112bd85e7 + -5?
-112bd85ec
In base 4, what is 31001 - -1010121320?
1010212321
In base 15, what is 6411 - 1c1?
6240
In base 10, what is 3027088 - 4?
3027084
In base 9, what is 57 + 1260886?
1261054
In base 12, what is -b13788 + -2?
-b1378a
In base 10, what is 98 - -26233?
26331
In base 5, what is 0 + -1330440003?
-1330440003
In base 11, what is a2 - 2a73a2?
-2a7300
In base 3, what is -1122222110012110 - -10?
-1122222110012100
In base 9, what is -30 + 567430?
567400
In base 15, what is 7 + -c9065?
-c905d
In base 14, what is 0 - -489b1b0?
489b1b0
In base 16, what is -7b2a54e - 7?
-7b2a555
In base 9, what is 430 - 104812?
-104372
In base 5, what is -2321 + 143312?
140441
In base 9, what is -872661 - 10?
-872671
In base 15, what is 65ea79 + -4?
65ea75
In base 8, what is 235114 - 7572?
225322
In base 12, what is 3 + 57579?
57580
In base 3, what is -21112110220000000 + 21?
-21112110212222202
In base 15, what is -232ec - -3082?
-2026a
In base 14, what is 6cc4 - 45?
6c7d
In base 16, what is -5b + 232073?
232018
In base 3, what is -201222000221 - -112?
-201222000102
In base 4, what is -31010011202 + 1221?
-31010003321
In base 13, what is 124a2a9 - 3?
124a2a6
In base 12, what is -383 + -9419?
-97a0
In base 15, what is 675339 + -a?
67532e
In base 3, what is 10200000002220 - -2?
10200000002222
In base 14, what is 171 + -143b9?
-14248
In base 6, what is -250304 + -3413?
-254121
In base 14, what is 127 - 2311d8?
-2310b1
In base 2, what is 11010001001110001110000100000 + -1?
11010001001110001110000011111
In base 11, what is -6a - -17a10?
17951
In base 13, what is 127 - -193263?
19338a
In base 6, what is -14141 + 3454?
-10243
In base 9, what is -843 - -11281?
10337
In base 7, what is -366025322 + 4?
-366025315
In base 6, what is 3051 + -120254?
-113203
In base 15, what is 3d8 - 8847?
-845e
In base 5, what is 4022042422232 + 3?
4022042422240
In base 16, what is 4 - -cb1f6a?
cb1f6e
In base 11, what is -43 + 448713?
448680
In base 6, what is 105412 - 31445?
33523
In base 6, what is -1250 + 1154515?
1153225
In base 9, what is 1017148806 + 1?
1017148807
In base 13, what is 1c8710 - -100?
1c8810
In base 6, what is 3 + 200305250?
200305253
In base 16, what is 23d - 2?
23b
In base 8, what is -215616231 - 7?
-215616240
In base 8, what is -5 + 10264525?
10264520
In base 14, what is -2b + -a26248?
-a26275
In base 2, what is -111000011000000110 - -101110110?
-111000010010010000
In base 2, what is 100101010001111101111 - 101?
100101010001111101010
In base 4, what is -333133302310 - 22?
-333133302332
In base 12, what is 2 - 3199195?
-3199193
In base 5, what is 2 + 1301144420?
1301144422
In base 6, what is -5322 - 4153?
-13515
In base 3, what is -2010100 + -112002000122?
-112011010222
In base 7, what is 534620065 + 1?
534620066
In base 3, what is -212022021001011 + 100?
-212022021000211
In base 4, what is -3011112 + 220110?
-2131002
In base 10, what is 9483 - -306?
9789
In base 7, what is 20 - -664551?
664601
In base 7, what is -3525220 - 1154?
-3526404
In base 16, what is 79c + -24d0?
-1d34
In base 16, what is f154 + -68?
f0ec
In base 3, what is 10021111212211012 + 2?
10021111212211021
In base 7, what is -4 - 232320210?
-232320214
In base 3, what is -22 - 1012102120011?
-1012102120110
In base 16, what is b2 + -b5258?
-b51a6
In base 10, what is -2694 + -5074?
-7768
In base 13, what is -4263a + 28a?
-42380
In base 3, what is 1010121 + -112202122?
-111122001
In base 14, what is d9 - 6195bd?
-6194c4
In base 4, what is -220031023 + 330?
-220030033
In base 16, what is b - -1e6a4?
1e6af
In base 4, what is 3310331000 + -202?
3310330132
In base 8, what is 14 + -14342303?
-14342267
In base 2, what is 1 - 1101010111101?
-1101010111100
In base 2, what is 1001 + -10000001110111101111111?
-10000001110111101110110
In base 16, what is -699 + -a36d?
-aa06
In base 7, what is -265363161 + -35?
-265363226
In base 6, what is -11 + 34444431?
34444420
In base 10, what is -37724627 + -11?
-37724638
In base 8, what is -41225627 - -46?
-41225561
In base 13, what is -5c - a8c10?
-a8c6c
In base 10, what is -1350689 - 6?
-1350695
In base 3, what is 10 - 1202012201102100?
-1202012201102020
In base 5, what is -10043 + 20300011?
20234413
In base 12, what is 98ab4760 + -5?
98ab4757
In base 13, what is 8cc97a7c - 1?
8cc97a7b
In base 4, what is 33103011133 - 20?
33103011113
In base 15, what is 40d95 + 877?
4171c
In base 15, what is 32182